 153. What are the prime factors of r?
41
Let g(t) = -2*t - 8. Let z be g(-5). Suppose 2*y - 3*y - 2*r + 26 = 0, z*r + 6 = 0. List the prime factors of y.
2
Suppose 4 - 15 = -l. Suppose 4*h + 2 - 22 = -2*g, 0 = -h + 3*g - 9. Suppose l - h = p. What are the prime factors of p?
2
Let o = 14 - 0. Let a = 6 + -1. Suppose -3*f - 50 + o = -a*c, 5*c = 5*f + 40. List the prime factors of c.
2, 3
Let n be -2 - (-1 - -3 - -1). What are the prime factors of 10/n - (1 - 12)?
3
Let y(v) = 2*v + 4. Let z be y(-3). Let r be (-9)/6 - (-5)/z. List the prime factors of ((-6)/r)/((-4)/(-8)).
3
Suppose 20 = f - 13. What are the prime factors of f?
3, 11
Suppose -10*q + 4*q - 36 = 0. Let m(t) = -t**2 - 5*t + 11. List the prime factors of m(q).
5
Let k(d) = d - 8. Let s(o) = o - 7. Let g(l) = -7*k(l) + 6*s(l). Let q be g(12). Suppose q*x - 11 = 19. What are the prime factors of x?
3, 5
List the prime factors of (82*(-4 - -3))/(-1).
2, 41
Suppose 1 = -5*y + 21. Suppose y*s - 5*d - 65 = 0, s - 3*d = -5*d + 13. Let g = s + -2. What are the prime factors of g?
13
Suppose -91 = -4*q - 3. What are the prime factors of q?
2, 11
Suppose 2*j + 221 = 5*q, -3*q - j + 132 = -2*j. List the prime factors of q.
43
Let f = 16 - 10. Let x = 10 - f. List the prime factors of x.
2
Let t(i) = 25*i - 8. List the prime factors of t(9).
7, 31
Let n = -6 + 15. Suppose -5*t - 3*g - 9 = -6*g, -2*t - 3*g = -n. Suppose t = 2*q - 4*w + 2*w - 6, 3*w - 12 = 0. What are the prime factors of q?
7
Let n be (20/25)/((-4)/(-10)). Suppose n*u - 35 = u. List the prime factors of u.
5, 7
What are the prime factors of -4 + 290/(-1 + 3)?
3, 47
Let z(l) be the first derivative of 2*l**3 - l**2/2 - 13. Let c = 0 + 1. List the prime factors of z(c).
5
Let q(r) = 16*r - 1 - 10*r - 3*r. List the prime factors of q(4).
11
Suppose 0 = -0*b - 3*b - 15, -5*k = 5*b - 165. What are the prime factors of k?
2, 19
Suppose 25 = -5*s + 5. Let r = -4 - s. Suppose r*n + 17 = n. What are the prime factors of n?
17
Let j(p) be the first derivative of 2*p**2 - 6*p + 5. List the prime factors of j(5).
2, 7
Let q = -9 - -9. List the prime factors of 3 + 7*(1 - q).
2, 5
Let o(q) = -q**3 - 4*q**2 + 4. Let n be o(-4). Suppose -2*z = -0*z + n*g - 98, 3*z = -g + 137. What are the prime factors of z?
3, 5
Let s(v) = -1 + 2*v - 3*v + 2*v. Let y be s(5). What are the prime factors of (-1)/2 + 42/y?
2, 5
Let s(p) = 14*p. Let l be s(6). Let r be -1*(-1 + (2 - l)). Suppose -31 = 5*t - c - r, -t + 2*c = -5. List the prime factors of t.
11
Let v(t) = -10*t - 58. List the prime factors of v(-11).
2, 13
Suppose -z = 3*z + 16. Let c = 1 - z. Suppose -c*r + 43 = -r + d, -d + 3 = 0. List the prime factors of r.
2, 5
List the prime factors of (-568)/(-32) + 1/4.
2, 3
Suppose -2*o + 26 = 2*p, 6*o - 2*o + 18 = 3*p. What are the prime factors of p?
2, 5
Let s(j) = -5*j + 3*j + j + 4 + 6*j. List the prime factors of s(3).
19
Suppose -4*s = 2*a + 98, -2*s - 144 = 4*a - 7*s. Let h = 77 + a. Suppose 4*z - 20 = h. List the prime factors of z.
2, 7
Suppose -k = -2*c - 106, 104 + 17 = k + 3*c. Suppose 4*q - k - 28 = 0. What are the prime factors of q?
5, 7
Let f be (-10)/(-25)*(1 + 4). Suppose f = 2*s - s. Suppose 2 = -c, -c = -i + s*c + 15. What are the prime factors of i?
3
Suppose -2*h + 36 = -2. List the prime factors of h.
19
Suppose 5*l - 15 = 3*z + 2, -l - 3*z + 7 = 0. Let c(j) = j**2 + 2*j + 9. List the prime factors of c(l).
3, 11
Let h = 332 + -112. What are the prime factors of h?
2, 5, 11
Let k(m) = -5*m - 2. Let n = -2 - -3. Let y be 1*(n - 1) + -2. What are the prime factors of k(y)?
2
Suppose -2*m = -q - 6, 8 = -q - 3*q. List the prime factors of m.
2
Let v = -111 + 155. List the prime factors of v.
2, 11
Let m = 108 - 33. Suppose m = 6*u - u. List the prime factors of u.
3, 5
Let c(b) = -b**3 + 2*b**2 + 2*b + 1. Let r be c(-1). Let p be 45/r + (-2)/4. Let z = p + -15. What are the prime factors of z?
7
Let x be ((-8)/6)/(8/(-12)). Let l(z) = z + 1. Let j(w) = 2*w**2 + 1. Let a(n) = j(n) - 2*l(n). List the prime factors of a(x).
3
Suppose -d - 4*h = -12, -4*d - 2*h + 42 = -2*d. Suppose -d = -3*j + 12. List the prime factors of j.
2, 3
Let x be -1 + (-1)/1 + -10. Let p = x - -7. What are the prime factors of 17/5 + 2/p?
3
Let d(i) = i + 9. Suppose 4*n = 9 - 25. Let b be d(n). Suppose -2*z - 35 = -5*z + 2*r, b*r - 25 = 0. What are the prime factors of z?
3, 5
Suppose -3*q + 2*v + 35 = 0, 4*q - 22 = -3*v + 19. What are the prime factors of 6/(-2 + 0) + q?
2
Let v(u) be the third derivative of 0 - 4*u**2 + 1/24*u**4 + 0*u**3 + 0*u**5 - 3/20*u**6 + 0*u. What are the prime factors of v(-1)?
17
What are the prime factors of (-241)/(-4) - -3*2/(-24)?
2, 3, 5
Suppose 5*u = 2*t - 58 - 71, -5*t + 2*u = -291. List the prime factors of t.
3, 19
Let d(u) = 5*u - 3. Let m be d(4). Let s be 1*(-3)/6*-6. Let b = m - s. What are the prime factors of b?
2, 7
Let z(a) = 3*a**3 + 4*a**2 - 3*a + 1. List the prime factors of z(2).
5, 7
Suppose 3*z = 4*q - z + 28, 2*z = 4. Let c be 78/(-8) + (-2)/8. What are the prime factors of 11/2*c/q?
11
Let u = -4 + 2. Let b = 8 - 4. Let n = b + u. List the prime factors of n.
2
Let n be (3 - 2)*1*6. Let u = n - -8. What are the prime factors of (-2 - 1) + u + -3?
2
Suppose 3*g - 4*k - 33 - 1 = 0, -k = -4*g + 28. What are the prime factors of (2 - -1) + 6/g?
2
Suppose 5*n + 155 - 1285 = 0. What are the prime factors of n?
2, 113
Suppose 10 = -0*u + 2*u. Let h(c) = -c**3 + 7*c**2 - 6*c - 3. What are the prime factors of h(u)?
17
Suppose u + 3*u + 28 = 0. Let d(x) = -2*x - 8. What are the prime factors of d(u)?
2, 3
Let f(n) be the second derivative of n**4/12 + 3*n**3/2 + 5*n**2 - n. What are the prime factors of f(-8)?
2
Let c be (-6)/(-3) + 8 + -3. Let a(n) = n + 2. What are the prime factors of a(c)?
3
Let k = 21 + -14. Let d = 20 - 3. Let o = d - k. What are the prime factors of o?
2, 5
Suppose 4*t + 2 - 22 = 0, 0 = -5*q - 3*t + 225. Let l = q + -20. What are the prime factors of l?
2, 11
What are the prime factors of (-6)/(-9) - (289/(-3))/1?
97
What are the prime factors of ((-66)/(-4))/(39/572)?
2, 11
Let k = -14 - -5. Let z be (-1)/2 - k/6. Suppose -v - 2 = 4*r - z, -27 = -3*v - 2*r. List the prime factors of v.
11
Suppose 3*j = -111 + 12. Let t = -14 - j. List the prime factors of t.
19
Suppose 98 = 6*d - 328. List the prime factors of d.
71
What are the prime factors of ((-3287)/(-76))/(-1 - 10/(-8))?
173
Let i(m) be the first derivative of -m**4/4 - m**3 + 5*m**2/2 - 6*m - 3. What are the prime factors of i(-5)?
19
Let p be 4/((-16)/(-28)) + -3. Let x(g) = g**3 - 4*g**2 + 3*g + 1. What are the prime factors of x(p)?
13
Let b(p) = 3*p**2. Let r be b(-3). Suppose -4*n = -n - r. Suppose a = 3*t - n - 24, t - 3 = 3*a. What are the prime factors of t?
2, 3
What are the prime factors of 220/6 + 3/9?
37
Suppose 232 = -5*u + 9*u. What are the prime factors of u?
2, 29
Suppose -5*m - t - 205 = -1470, 277 = m + 5*t. What are the prime factors of m?
2, 3, 7
Let x(y) = -y**3 + y**2 + y - 1. Let m be x(3). Let n = m + 26. What are the prime factors of n?
2, 5
Suppose 0 = -5*p + 13 + 7. Suppose d = -r - 2*d + 8, -p*r + 50 = 3*d. What are the prime factors of r?
2, 7
Suppose 22 = 5*f + 3*o, -3*f + 3*o = -5*f + 16. Suppose -3*c = 5*t - 7, c + 4*c + 40 = f*t. Let q = 13 + c. What are the prime factors of q?
7
Suppose -h = h + 2. Let s be (-30)/(1 + 2)*h. What are the prime factors of (-7)/(21/s)*-3?
2, 5
Let y(a) = 5*a + 66. List the prime factors of y(-8).
2, 13
Let n = -4 + 6. Suppose -h + 5*i = -21, 7 + 3 = -n*h - 3*i. Suppose t + h - 4 = 0. What are the prime factors of t?
3
Let p = -33 - -32. Let m(k) = k**3 + 2*k**2 + 3*k. Let f be m(-2). Let s = p - f. List the prime factors of s.
5
What are the prime factors of 101/(-3 - (-35)/(-10)*-1)?
2, 101
Let a(f) = f - 2. Let m be a(4). Let q be m/(-5) + (-10)/(-25). Suppose 4*g - 5*u - 21 = q, -g - 2*u = 3*u - 24. List the prime factors of g.
3
Let m(i) = -i**2 - 10*i - 10. Suppose -4 - 10 = 2*f. List the prime factors of m(f).
11
Let n(p) = -2*p**2 - 8*p - 9. Let a be n(-8). Let c = 9 + a. What are the prime factors of (-4)/10 + c/(-10)?
2, 3
Let u(j) be the first derivative of -j**4/4 - j**3 + 5*j**2/2 - 5*j + 1. What are the prime factors of u(-5)?
2, 5
Suppose 4*s = -4*s + 20